{"id":1237,"date":"2015-04-27T07:13:57","date_gmt":"2015-04-27T06:13:57","guid":{"rendered":"http:\/\/ville-plainedespalmistes.fr\/fetedesgoyaviers2015\/?page_id=1237"},"modified":"2015-04-27T08:57:33","modified_gmt":"2015-04-27T07:57:33","slug":"reglement-interieur","status":"publish","type":"page","link":"http:\/\/ville-plainedespalmistes.fr\/fetedesgoyaviers\/reglement-interieur\/","title":{"rendered":"R\u00e9glement int\u00e9rieur"},"content":{"rendered":"<p><strong>CONCOURS ELECTION MISS &amp; MISTER Plaine des Palmistes 2015<\/strong><\/p>\n<p><strong>REGLEMENT INTERIEUR <\/strong><\/p>\n<p>&nbsp;<\/p>\n<p><strong>I \u2013 Organisation<\/strong><\/p>\n<p>&nbsp;<\/p>\n<p><strong>1 \u2013<\/strong>\u00a0Le Concours, organis\u00e9 par La ville de la Plaine des Palmistes, est ouvert aux jeunes demoiselles et messieurs r\u00e9sidant sur la commune. Ils doivent \u00eatre \u00e2g\u00e9s au moins de 16 ans\u00a0s\u2019ils souhaitent d\u00e9filer sur sc\u00e8ne devant un public et un jury.<\/p>\n<p><strong>2 \u2013<\/strong>\u00a0Les parents des mineurs doivent imp\u00e9rativement remplir et signer l\u2019autorisation parentale.<\/p>\n<p><strong>3 \u2013<\/strong>\u00a0Le Concours se d\u00e9roule en plusieurs \u00e9tapes : le casting de pr\u00e9-s\u00e9lection, les r\u00e9p\u00e9titions des chor\u00e9graphies, les s\u00e9ances photos, les essayages des v\u00eatements et la soir\u00e9e suivie de la remise des prix.<\/p>\n<p><strong>4 \u2013<\/strong>\u00a0Le Casting :\u00a0Il s&rsquo;agit d&rsquo;un entretien individualis\u00e9 entre chaque candidat(e) participant au concours et le jury de pr\u00e9-s\u00e9lection. A l&rsquo;issue du casting, le jury s\u00e9lectionne un maximum de 10 candidat(e)s qui participeront \u00e0 la finale de l&rsquo;\u00e9lection.<\/p>\n<p>La Soir\u00e9e (finale) :\u00a0Les candidat(e)s d\u00e9fileront en tenue de ville, de sport, puis de soir\u00e9e et feront un passage de pr\u00e9sentation. En aucun cas, le\/la candidat(e) ne doit sortir des loges pour atteindre le public lors de la soir\u00e9e sous peine d&rsquo;exclusion du Concours.<\/p>\n<p>&nbsp;<\/p>\n<p><strong>II \u2013 Inscription<\/strong><\/p>\n<p>Le\/la candidat(e) sera d\u00e9finitivement inscrit(e) apr\u00e8s avoir rendu son dossier au plus tard \u00e0 la fin du casting pr\u00e9vu le\u00a018 mai 2015 avec les documents demand\u00e9s, remplis et sign\u00e9s.<\/p>\n<p>&nbsp;<\/p>\n<p><strong>III \u2013 Le\/la candidat(e)<\/strong><\/p>\n<p><strong>1 \u2013\u00a0<\/strong>Le \/la candidat(e) s&rsquo;engage \u00e0 respecter les d\u00e9cisions du jury de pr\u00e9-s\u00e9lection et le jury finale.<\/p>\n<p><strong>2 \u2013<\/strong>\u00a0Le\/la candidat(e) accepte l&rsquo;exploitation \u00e9ventuelle de son image et de sa voix par la ville de la Plaine des Palmistes (presse, affiches, radio, site internet&#8230;) dans le cas contraire, il\/elle devra le signaler par \u00e9crit \u00e0 Monsieur le Pr\u00e9sident du jury de la Plaine des Palmistes.<\/p>\n<p><strong>3 \u2013\u00a0<\/strong>Par respect du public et du jury, une tenue correcte est recommand\u00e9e pour se pr\u00e9senter sur sc\u00e8ne.<\/p>\n<p><strong>4 \u2013\u00a0<\/strong>Le\/la candidat(e) peut se cr\u00e9er un comit\u00e9 de soutien qui pourra la soutenir lors de la soir\u00e9e.<\/p>\n<p><strong>5 \u2013<\/strong>\u00a0Les internautes pourront laisser des messages aux candidat(e)s sur le site internet de la ville de la Plaine des Palmistes\u00a0: <a href=\"http:\/\/www.ville-plainedespalmistes.fr\">www.ville-plainedespalmistes.fr<\/a> . Les organisateurs se r\u00e9servent le droit de supprimer tout message irrespectueux.<\/p>\n<p><strong>\u00a0<\/strong><\/p>\n<p><strong>IV \u2013 R\u00e9p\u00e9titions<\/strong><\/p>\n<p><strong>1 \u2013<\/strong>\u00a0Chaque candidat(e) s&rsquo;engage \u00e0 respecter les horaires de r\u00e9p\u00e9titions et t\u00e2che de ne pas arriver en retard. Le comit\u00e9 se r\u00e9serve le droit d&rsquo;exclure une candidate au bout de trois absence ou en cas de retards r\u00e9guliers.<\/p>\n<p><strong>2 \u2013<\/strong>\u00a0Les chor\u00e9graphies sont r\u00e9alis\u00e9es par une chor\u00e9graphe professionnelle. En aucun cas, elles ne doivent \u00eatre contest\u00e9es.<\/p>\n<p>&nbsp;<\/p>\n<p><strong>V \u2013 Jury de la Soir\u00e9e<\/strong><\/p>\n<p><strong>1 \u2013<\/strong>\u00a0Le Jury, qui d\u00e9cide du r\u00e9sultat \u00e0 hauteur de 75%, se compose de professionnels de la mode et \u00e9galement des sponsors de la soir\u00e9e.<\/p>\n<p><strong>2 \u2013<\/strong>\u00a0Le Jury s\u00e9lectionne la Miss et le Mister Plaine des Palmistes 2015 et ses 2 dauphin(e)s qui se verront remettre leurs prix. L&rsquo;annonce des r\u00e9sultats est faite par le Pr\u00e9sident du jury ou du Pr\u00e9sident du Comit\u00e9 de Miss R\u00e9union.<\/p>\n<p><strong>3 \u2013<\/strong>\u00a0Les candidates seront not\u00e9es sur leurs prestations sc\u00e9niques. Les crit\u00e8res de s\u00e9lection sont le sourire durant les d\u00e9fil\u00e9s, l&rsquo;expression, l&rsquo;\u00e9loquence, le comportement sur sc\u00e8ne.<\/p>\n<p><strong>4 \u2013\u00a0<\/strong>Les d\u00e9cisions du Jury sont sans appel.<\/p>\n<p><strong>5<\/strong> \u2013 Le public d\u00e9cide du r\u00e9sultat \u00e0 hauteur de 25 %, ils pourront voter via le site internet de la ville de la Plaine des Palmistes\u00a0: <a href=\"http:\/\/www.ville-plainedespalmistes.fr\">www.ville-plainedespalmistes.fr<\/a> .<\/p>\n<p>&nbsp;<\/p>\n<p><strong>VI \u2013 Annulation et modification<\/strong><\/p>\n<p><strong>1 \u2013\u00a0<\/strong>Les organisateurs se r\u00e9servent le droit d&rsquo;annuler le concours si le nombre de participants est insuffisant, ou en cas de force majeure.<\/p>\n<p><strong>2 \u2013\u00a0<\/strong>Les organisateurs se r\u00e9servent le droit de modifier les dates annonc\u00e9es, ainsi que les clauses du r\u00e8glement int\u00e9rieur se r\u00e9f\u00e9rant \u00e0 l&rsquo;organisation de l&rsquo;\u00e9lection.<\/p>\n<p>&nbsp;<\/p>\n<p>&nbsp;<\/p>\n<p><strong>VII \u2013 Autres<\/strong><\/p>\n<p><strong>1 \u2013<\/strong>\u00a0Le fait de participer au Concours implique l&rsquo;acceptation de l&rsquo;ensemble des clauses du pr\u00e9sent r\u00e8glement, et tous les cas qui n&rsquo;y sont pas pr\u00e9vus seront tranch\u00e9s par les organisateurs. Aucun recours relatif aux conditions d&rsquo;organisation, au d\u00e9roulement et aux r\u00e9sultats du Concours ne peut \u00eatre admis.<\/p>\n<p><strong>2 \u2013\u00a0<\/strong>Les organisateurs se r\u00e9servent le droit de refuser une participation ou d&rsquo;exclure une participante pour non-respect des conditions du pr\u00e9sent r\u00e8glement.<\/p>\n<p><strong>3 \u2013\u00a0<\/strong>Les frais de trajets sont \u00e0 la charge des participantes.<\/p>\n<p><strong>4 \u2013<\/strong>\u00a0La liste des gains et prix remis lors de la soir\u00e9e sera d\u00e9finitive au moment de la soir\u00e9e.<\/p>\n<p><strong>5 \u2013\u00a0<\/strong>La gagnante du Concours s&rsquo;engage \u00e0 repr\u00e9senter la ville\u00a0de la Plaine des Palmistes lors de manifestations. Par manque de repr\u00e9sentation ou de faute grave, le Jury se r\u00e9serve le droit de destituer la Miss ou le Mister en titre au profit de l&rsquo;une de ses dauphin(e)s.<\/p>\n<p>&nbsp;<\/p>\n<p><strong>\u00a0 \u00a0 \u00a0 \u00a0 \u00a0 \u00a0 \u00a0 \u00a0 \u00a0 \u00a0 \u00a0 \u00a0 \u00a0 \u00a0 \u00a0 \u00a0 \u00a0 \u00a0 \u00a0 \u00a0 \u00a0 \u00a0 \u00a0 \u00a0 \u00a0 \u00a0 \u00a0 \u00a0 \u00a0 \u00a0 \u00a0 \u00a0 \u00a0 \u00a0 \u00a0 \u00a0 \u00a0 \u00a0 \u00a0 \u00a0 \u00a0 \u00a0 \u00a0 \u00a0 \u00a0 \u00a0 \u00a0 \u00a0 \u00a0 \u00a0 \u00a0 \u00a0 \u00a0 \u00a0 \u00a0 \u00a0 \u00a0 \u00a0 \u00a0 \u00a0 \u00a0 \u00a0 \u00a0 \u00a0 \u00a0 \u00a0 \u00a0 \u00a0 \u00a0 \u00a0 \u00a0 \u00a0 \u00a0 \u00a0 \u00a0<\/strong><\/p>\n<p><strong> Le Pr\u00e9sident du jury<\/strong><\/p>\n<p>o\u00a0\u00a0 J\u2019accepte les conditions du r\u00e8glement int\u00e9rieur pour l\u2019inscription \u00e0 l\u2019\u00e9lection Miss\u00a0\/ Mister Plaine des Palmistes.<\/p>\n<p><strong>Le\/ La candidat(e) <\/strong><\/p>\n","protected":false},"excerpt":{"rendered":"<p>CONCOURS ELECTION MISS &amp; MISTER Plaine des Palmistes 2015 REGLEMENT INTERIEUR &nbsp; I \u2013 Organisation &nbsp; 1 \u2013\u00a0Le Concours, organis\u00e9 par La ville de la Plaine des Palmistes, est ouvert aux jeunes demoiselles et messieurs r\u00e9sidant sur la commune. Ils doivent \u00eatre \u00e2g\u00e9s au moins de 16 ans\u00a0s\u2019ils souhaitent d\u00e9filer sur sc\u00e8ne devant un public&hellip;&nbsp;<a href=\"http:\/\/ville-plainedespalmistes.fr\/fetedesgoyaviers\/reglement-interieur\/\" class=\"\" rel=\"bookmark\">Lire la suite &raquo;<span class=\"screen-reader-text\">R\u00e9glement int\u00e9rieur<\/span><\/a><\/p>\n","protected":false},"author":1,"featured_media":0,"parent":0,"menu_order":0,"comment_status":"closed","ping_status":"closed","template":"page-full-width.php","meta":{"neve_meta_sidebar":"","neve_meta_container":"","neve_meta_enable_content_width":"","neve_meta_content_width":0,"neve_meta_title_alignment":"","neve_meta_author_avatar":"","neve_post_elements_order":"","neve_meta_disable_header":"","neve_meta_disable_footer":"","neve_meta_disable_title":"","_ti_tpc_template_sync":false,"_ti_tpc_template_id":"","footnotes":""},"class_list":["post-1237","page","type-page","status-publish","hentry"],"yoast_head":"<!-- This site is optimized with the Yoast SEO plugin v16.3 - https:\/\/yoast.com\/wordpress\/plugins\/seo\/ -->\n<title>R\u00e9glement int\u00e9rieur  - Site officiel de la F\u00eate des Goyaviers<\/title>\n<meta name=\"robots\" content=\"index, follow, max-snippet:-1, max-image-preview:large, max-video-preview:-1\" \/>\n<link rel=\"canonical\" href=\"https:\/\/ville-plainedespalmistes.fr\/fetedesgoyaviers\/reglement-interieur\/\" \/>\n<meta property=\"og:locale\" content=\"fr_FR\" \/>\n<meta property=\"og:type\" content=\"article\" \/>\n<meta property=\"og:title\" content=\"R\u00e9glement int\u00e9rieur  - Site officiel de la F\u00eate des Goyaviers\" \/>\n<meta property=\"og:description\" content=\"CONCOURS ELECTION MISS &amp; MISTER Plaine des Palmistes 2015 REGLEMENT INTERIEUR &nbsp; I \u2013 Organisation &nbsp; 1 \u2013\u00a0Le Concours, organis\u00e9 par La ville de la Plaine des Palmistes, est ouvert aux jeunes demoiselles et messieurs r\u00e9sidant sur la commune. Ils doivent \u00eatre \u00e2g\u00e9s au moins de 16 ans\u00a0s\u2019ils souhaitent d\u00e9filer sur sc\u00e8ne devant un public&hellip;&nbsp;Lire la suite &raquo;R\u00e9glement int\u00e9rieur\" \/>\n<meta property=\"og:url\" content=\"https:\/\/ville-plainedespalmistes.fr\/fetedesgoyaviers\/reglement-interieur\/\" \/>\n<meta property=\"og:site_name\" content=\"Site officiel de la F\u00eate des Goyaviers\" \/>\n<meta property=\"article:modified_time\" content=\"2015-04-27T07:57:33+00:00\" \/>\n<meta name=\"twitter:card\" content=\"summary\" \/>\n<meta name=\"twitter:label1\" content=\"Dur\u00e9e de lecture est.\">\n\t<meta name=\"twitter:data1\" content=\"4 minutes\">\n<script type=\"application\/ld+json\" class=\"yoast-schema-graph\">{\"@context\":\"https:\/\/schema.org\",\"@graph\":[{\"@type\":\"WebSite\",\"@id\":\"https:\/\/ville-plainedespalmistes.fr\/fetedesgoyaviers\/#website\",\"url\":\"https:\/\/ville-plainedespalmistes.fr\/fetedesgoyaviers\/\",\"name\":\"Site officiel de la F\\u00eate des Goyaviers\",\"description\":\"Le goyavier sur le g\\u00e2teau !\",\"potentialAction\":[{\"@type\":\"SearchAction\",\"target\":\"https:\/\/ville-plainedespalmistes.fr\/fetedesgoyaviers\/?s={search_term_string}\",\"query-input\":\"required name=search_term_string\"}],\"inLanguage\":\"fr-FR\"},{\"@type\":\"WebPage\",\"@id\":\"https:\/\/ville-plainedespalmistes.fr\/fetedesgoyaviers\/reglement-interieur\/#webpage\",\"url\":\"https:\/\/ville-plainedespalmistes.fr\/fetedesgoyaviers\/reglement-interieur\/\",\"name\":\"R\\u00e9glement int\\u00e9rieur - Site officiel de la F\\u00eate des Goyaviers\",\"isPartOf\":{\"@id\":\"https:\/\/ville-plainedespalmistes.fr\/fetedesgoyaviers\/#website\"},\"datePublished\":\"2015-04-27T06:13:57+00:00\",\"dateModified\":\"2015-04-27T07:57:33+00:00\",\"breadcrumb\":{\"@id\":\"https:\/\/ville-plainedespalmistes.fr\/fetedesgoyaviers\/reglement-interieur\/#breadcrumb\"},\"inLanguage\":\"fr-FR\",\"potentialAction\":[{\"@type\":\"ReadAction\",\"target\":[\"https:\/\/ville-plainedespalmistes.fr\/fetedesgoyaviers\/reglement-interieur\/\"]}]},{\"@type\":\"BreadcrumbList\",\"@id\":\"https:\/\/ville-plainedespalmistes.fr\/fetedesgoyaviers\/reglement-interieur\/#breadcrumb\",\"itemListElement\":[{\"@type\":\"ListItem\",\"position\":1,\"item\":{\"@type\":\"WebPage\",\"@id\":\"https:\/\/ville-plainedespalmistes.fr\/fetedesgoyaviers\/\",\"url\":\"https:\/\/ville-plainedespalmistes.fr\/fetedesgoyaviers\/\",\"name\":\"Accueil\"}},{\"@type\":\"ListItem\",\"position\":2,\"item\":{\"@id\":\"https:\/\/ville-plainedespalmistes.fr\/fetedesgoyaviers\/reglement-interieur\/#webpage\"}}]}]}<\/script>\n<!-- \/ Yoast SEO plugin. -->","_links":{"self":[{"href":"http:\/\/ville-plainedespalmistes.fr\/fetedesgoyaviers\/wp-json\/wp\/v2\/pages\/1237","targetHints":{"allow":["GET"]}}],"collection":[{"href":"http:\/\/ville-plainedespalmistes.fr\/fetedesgoyaviers\/wp-json\/wp\/v2\/pages"}],"about":[{"href":"http:\/\/ville-plainedespalmistes.fr\/fetedesgoyaviers\/wp-json\/wp\/v2\/types\/page"}],"author":[{"embeddable":true,"href":"http:\/\/ville-plainedespalmistes.fr\/fetedesgoyaviers\/wp-json\/wp\/v2\/users\/1"}],"replies":[{"embeddable":true,"href":"http:\/\/ville-plainedespalmistes.fr\/fetedesgoyaviers\/wp-json\/wp\/v2\/comments?post=1237"}],"version-history":[{"count":3,"href":"http:\/\/ville-plainedespalmistes.fr\/fetedesgoyaviers\/wp-json\/wp\/v2\/pages\/1237\/revisions"}],"predecessor-version":[{"id":1241,"href":"http:\/\/ville-plainedespalmistes.fr\/fetedesgoyaviers\/wp-json\/wp\/v2\/pages\/1237\/revisions\/1241"}],"wp:attachment":[{"href":"http:\/\/ville-plainedespalmistes.fr\/fetedesgoyaviers\/wp-json\/wp\/v2\/media?parent=1237"}],"curies":[{"name":"wp","href":"https:\/\/api.w.org\/{rel}","templated":true}]}}